divided by 70.
57
What is the remainder when 53 is divided by 50?
3
What is the remainder when 32 is divided by 3?
2
Calculate the remainder when 522 is divided by 17.
12
Calculate the remainder when 251 is divided by 86.
79
What is the remainder when 1798 is divided by 34?
30
What is the remainder when 84 is divided by 24?
12
Calculate the remainder when 412 is divided by 33.
16
What is the remainder when 428 is divided by 16?
12
Calculate the remainder when 68 is divided by 51.
17
Calculate the remainder when 53 is divided by 28.
25
What is the remainder when 1588 is divided by 11?
4
What is the remainder when 2273 is divided by 464?
417
Calculate the remainder when 503 is divided by 33.
8
Calculate the remainder when 1980 is divided by 48.
12
Calculate the remainder when 1374 is divided by 27.
24
What is the remainder when 6774 is divided by 27?
24
What is the remainder when 209 is divided by 43?
37
What is the remainder when 1537 is divided by 763?
11
Calculate the remainder when 22 is divided by 16.
6
Calculate the remainder when 1993 is divided by 284.
5
Calculate the remainder when 76 is divided by 21.
13
What is the remainder when 450 is divided by 13?
8
Calculate the remainder when 1466 is divided by 7.
3
Calculate the remainder when 914 is divided by 21.
11
What is the remainder when 556 is divided by 71?
59
Calculate the remainder when 4905 is divided by 59.
8
Calculate the remainder when 1017 is divided by 60.
57
What is the remainder when 455 is divided by 115?
110
What is the remainder when 824 is divided by 102?
8
What is the remainder when 566 is divided by 523?
43
Calculate the remainder when 176 is divided by 60.
56
Calculate the remainder when 86 is divided by 45.
41
Calculate the remainder when 83 is divided by 35.
13
What is the remainder when 96 is divided by 51?
45
Calculate the remainder when 119 is divided by 26.
15
What is the remainder when 1030 is divided by 5?
0
What is the remainder when 374 is divided by 47?
45
Calculate the remainder when 217 is divided by 31.
0
Calculate the remainder when 962 is divided by 225.
62
Calculate the remainder when 7389 is divided by 77.
74
Calculate the remainder when 234 is divided by 24.
18
Calculate the remainder when 1217 is divided by 205.
192
Calculate the remainder when 840 is divided by 58.
28
What is the remainder when 365 is divided by 209?
156
What is the remainder when 725 is divided by 73?
68
Calculate the remainder when 355 is divided by 40.
35
What is the remainder when 149 is divided by 8?
5
Calculate the remainder when 11363 is divided by 12.
11
What is the remainder when 3 is divided by 2?
1
Calculate the remainder when 672 is divided by 184.
120
Calculate the remainder when 120 is divided by 118.
2
What is the remainder when 298 is divided by 17?
9
What is the remainder when 541 is divided by 17?
14
Calculate the remainder when 329 is divided by 142.
45
Calculate the remainder when 351 is divided by 39.
0
Calculate the remainder when 5453 is divided by 16.
13
Calculate the remainder when 4024 is divided by 66.
64
What is the remainder when 2534 is divided by 33?
26
What is the remainder when 538 is divided by 36?
34
Calculate the remainder when 66 is divided by 19.
9
Calculate the remainder when 7531 is divided by 28.
27
What is the remainder when 2061 is divided by 23?
14
What is the remainder when 764 is divided by 9?
8
Calculate the remainder when 2849 is divided by 124.
121
Calculate the remainder when 783 is divided by 131.
128
What is the remainder when 153 is divided by 43?
24
What is the remainder when 18303 is divided by 35?
33
Calculate the remainder when 294 is divided by 80.
54
What is the remainder when 2902 is divided by 33?
31
Calculate the remainder when 929 is divided by 201.
125
What is the remainder when 6619 is divided by 87?
7
What is the remainder when 275 is divided by 64?
19
Calculate the remainder when 117 is divided by 59.
58
Calculate the remainder when 228 is divided by 11.
8
What is the remainder when 20 is divided by 5?
0
Calculate the remainder when 6298 is divided by 75.
73
Calculate the remainder when 13 is divided by 2.
1
Calculate the remainder when 55 is divided by 30.
25
Calculate the remainder when 102 is divided by 18.
12
Calculate the remainder when 82 is divided by 25.
7
Calculate the remainder when 766 is divided by 77.
73
What is the remainder when 5586 is divided by 929?
12
Calculate the remainder when 44 is divided by 12.
8
What is the remainder when 501 is divided by 196?
109
Calculate the remainder when 290 is divided by 74.
68
Calculate the remainder when 14003 is divided by 18.
17
Calculate the remainder when 38 is divided by 26.
12
Calculate the remainder when 302 is divided by 297.
5
Calculate the remainder when 8712 is divided by 19.
10
What is the remainder when 368 is divided by 38?
26
What is the remainder when 2397 is divided by 597?
9
Calculate the remainder when 116 is divided by 9.
8
Calculate the remainder when 12389 is divided by 177.
176
What is the remainder when 144 is divided by 10?
4
Calculate the remainder when 100 is divided by 48.
4
What is the remainder when 192 is divided by 36?
12
Calculate the remainder when 890 is divided by 13.
6
What is the remainder when 198 is divided by 41?
34
Calculate the remainder when 448 is divided by 40.
8
What is the remainder when 1238 is divided by 156?
146
Calculate the remainder when 874 is divided by 267.
73
Calculate the remainder when 345 is divided by 174.
171
Calculate the remainder when 477 is divided by 37.
33
What is the remainder when 415 is divided by 31?
12
Calculate the remainder when 1272 is divided by 35.
12
Calculate the remainder when 214 is divided by 24.
22
What is the remainder when 1606 is divided by 24?
22
Calculate the remainder when 476 is divided by 96.
92
Calculate the remainder when 296 is divided by 86.
38
Calculate the remainder when 186 is divided by 6.
0
What is the remainder when 1903 is divided by 18?
13
What is the remainder when 2191 is divided by 137?
136
What is the remainder when 37 is divided by 12?
1
What is the remainder when 183 is divided by 8?
7
What is the remainder when 161 is divided by 55?
51
Calculate the remainder when 170 is divided by 20.
10
What is the remainder when 675 is divided by 43?
30
What is the remainder when 548 is divided by 50?
48
What is the remainder when 43 is divided by 4?
3
Calculate the remainder when 2518 is divided by 42.
40
What is the remainder when 41 is divided by 10?
1
What is the remainder when 752 is divided by 127?
117
What is the remainder when 150 is divided by 137?
13
Calculate the remainder when 66 is divided by 35.
31
What is the remainder when 339 is divided by 11?
9
Calculate the remainder when 229 is divided by 33.
31
Calculate the remainder when 102 is divided by 26.
24
Calculate the remainder when 101 is divided by 33.
2
What is the remainder when 106 is divided by 86?
20
What is the remainder when 483 is divided by 27?
24
Calculate the remainder when 40 is divided by 33.
7
What is the remainder when 16872 is divided by 15?
12
Calculate the remainder when 641 is divided by 163.
152
Calculate the remainder when 725 is divided by 14.
11
What is the remainder when 385 is divided by 188?
9
Calculate the remainder when 83 is divided by 32.
19
Calculate the remainder when 2693 is divided by 33.
20
What is the remainder when 33 is divided by 12?
9
Calculate the remainder when 3205 is divided by 66.
37
Calculate the remainder when 460 is divided by 53.
36
Calculate the remainder when 829 is divided by 206.
5
What is the remainder when 2046 is divided by 192?
126
What is the remainder when 153 is divided by 40?
33
What is the remainder when 2905 is divided by 57?
55
What is the remainder when 65 is divided by 20?
5
What is the remainder when 25 is divided by 6?
1
Calculate the remainder when 360 is divided by 10.
0
Calculate the remainder when 187 is divided by 28.
19
Calculate the remainder when 4264 is divided by 17.
14
What is the remainder when 1933 is divided by 475?
33
Calculate the remainder when 5059 is divided by 143.
54
Calculate the remainder when 1429 is divided by 130.
129
Calculate the remainder when 1495 is divided by 747.
1
Calculate the remainder when 37 is